{"id":1086,"date":"2019-11-30T03:45:53","date_gmt":"2019-11-30T02:45:53","guid":{"rendered":"http:\/\/roliach.cluster029.hosting.ovh.net\/?page_id=1086"},"modified":"2023-10-03T01:01:14","modified_gmt":"2023-10-02T23:01:14","slug":"lecd","status":"publish","type":"page","link":"https:\/\/roliacus-banda.ovh\/index.php\/presentation\/lecd\/","title":{"rendered":"Le CD"},"content":{"rendered":"\n<p class=\"has-medium-font-size\"><strong>La Roliacus Banda \u00e0 \u00e9galement enregistr\u00e9 un CD  :<\/strong><\/p>\n\n\n\n<div class=\"wp-block-group is-nowrap is-layout-flex wp-container-core-group-is-layout-ad2f72ca wp-block-group-is-layout-flex\">\n<figure class=\"wp-block-image size-full is-resized\"><img loading=\"lazy\" decoding=\"async\" src=\"https:\/\/roliacus-banda.ovh\/wp-content\/uploads\/2023\/10\/Screenshot_20231003_005814_Chrome.png\" alt=\"\" class=\"wp-image-2060\" style=\"width:136px;height:135px\" width=\"136\" height=\"135\" srcset=\"https:\/\/roliacus-banda.ovh\/wp-content\/uploads\/2023\/10\/Screenshot_20231003_005814_Chrome.png 722w, https:\/\/roliacus-banda.ovh\/wp-content\/uploads\/2023\/10\/Screenshot_20231003_005814_Chrome-300x298.png 300w, https:\/\/roliacus-banda.ovh\/wp-content\/uploads\/2023\/10\/Screenshot_20231003_005814_Chrome-150x150.png 150w\" sizes=\"auto, (max-width: 136px) 100vw, 136px\" \/><\/figure>\n\n\n\n<div class=\"wp-block-group is-nowrap is-layout-flex wp-container-core-group-is-layout-ad2f72ca wp-block-group-is-layout-flex\">\n<figure class=\"wp-block-image size-full is-resized\"><img loading=\"lazy\" decoding=\"async\" src=\"https:\/\/roliacus-banda.ovh\/wp-content\/uploads\/2023\/03\/Capture-decran-du-2023-03-07-09-42-03.png\" alt=\"\" class=\"wp-image-1863\" style=\"width:199px;height:213px\" width=\"199\" height=\"213\"\/><\/figure>\n<\/div>\n<\/div>\n\n\n\n<p><\/p>\n\n\n\n<p><strong>Rolia-Kid<\/strong><\/p>\n\n\n\n<figure class=\"wp-block-audio aligncenter\"><audio controls src=\"https:\/\/roliacus-banda.ovh\/wp-content\/uploads\/2022\/02\/RoliakidCUT.mp3\"><\/audio><\/figure>\n\n\n\n<p><strong>Valse<\/strong><\/p>\n\n\n\n<figure class=\"wp-block-audio aligncenter\"><audio controls src=\"https:\/\/roliacus-banda.ovh\/wp-content\/uploads\/2022\/04\/Valsecut.mp3\"><\/audio><\/figure>\n\n\n\n<p><strong>L&rsquo;encantada<\/strong><\/p>\n\n\n\n<figure class=\"wp-block-audio aligncenter\"><audio controls src=\"https:\/\/roliacus-banda.ovh\/wp-content\/uploads\/2022\/04\/encantada-cut-.mp3\"><\/audio><\/figure>\n\n\n\n<p><\/p>\n","protected":false},"excerpt":{"rendered":"<div class=\"mh-excerpt\"><p>La Roliacus Banda \u00e0 \u00e9galement enregistr\u00e9 un CD : Rolia-Kid Valse L&rsquo;encantada<\/p>\n<\/div>","protected":false},"author":1,"featured_media":0,"parent":35,"menu_order":1,"comment_status":"closed","ping_status":"closed","template":"","meta":{"footnotes":""},"class_list":["post-1086","page","type-page","status-publish","hentry"],"yoast_head":"<!-- This site is optimized with the Yoast SEO plugin v27.4 - https:\/\/yoast.com\/product\/yoast-seo-wordpress\/ -->\n<title>Le CD - Roliacus Banda<\/title>\n<meta name=\"robots\" content=\"index, follow, max-snippet:-1, max-image-preview:large, max-video-preview:-1\" \/>\n<link rel=\"canonical\" href=\"https:\/\/roliacus-banda.ovh\/index.php\/presentation\/lecd\/\" \/>\n<meta property=\"og:locale\" content=\"fr_FR\" \/>\n<meta property=\"og:type\" content=\"article\" \/>\n<meta property=\"og:title\" content=\"Le CD - Roliacus Banda\" \/>\n<meta property=\"og:description\" content=\"La Roliacus Banda \u00e0 \u00e9galement enregistr\u00e9 un CD : Rolia-Kid Valse L&rsquo;encantada\" \/>\n<meta property=\"og:url\" content=\"https:\/\/roliacus-banda.ovh\/index.php\/presentation\/lecd\/\" \/>\n<meta property=\"og:site_name\" content=\"Roliacus Banda\" \/>\n<meta property=\"article:publisher\" content=\"https:\/\/www.facebook.com\/profile.php?id=100066664776418\" \/>\n<meta property=\"article:modified_time\" content=\"2023-10-02T23:01:14+00:00\" \/>\n<meta property=\"og:image\" content=\"https:\/\/roliacus-banda.ovh\/wp-content\/uploads\/2023\/10\/Screenshot_20231003_005814_Chrome.png\" \/>\n<meta name=\"twitter:card\" content=\"summary_large_image\" \/>\n<meta name=\"twitter:label1\" content=\"Dur\u00e9e de lecture estim\u00e9e\" \/>\n\t<meta name=\"twitter:data1\" content=\"1 minute\" \/>\n<script type=\"application\/ld+json\" class=\"yoast-schema-graph\">{\"@context\":\"https:\\\/\\\/schema.org\",\"@graph\":[{\"@type\":\"WebPage\",\"@id\":\"https:\\\/\\\/roliacus-banda.ovh\\\/index.php\\\/presentation\\\/lecd\\\/\",\"url\":\"https:\\\/\\\/roliacus-banda.ovh\\\/index.php\\\/presentation\\\/lecd\\\/\",\"name\":\"Le CD - Roliacus Banda\",\"isPartOf\":{\"@id\":\"https:\\\/\\\/roliacus-banda.ovh\\\/#website\"},\"primaryImageOfPage\":{\"@id\":\"https:\\\/\\\/roliacus-banda.ovh\\\/index.php\\\/presentation\\\/lecd\\\/#primaryimage\"},\"image\":{\"@id\":\"https:\\\/\\\/roliacus-banda.ovh\\\/index.php\\\/presentation\\\/lecd\\\/#primaryimage\"},\"thumbnailUrl\":\"https:\\\/\\\/roliacus-banda.ovh\\\/wp-content\\\/uploads\\\/2023\\\/10\\\/Screenshot_20231003_005814_Chrome.png\",\"datePublished\":\"2019-11-30T02:45:53+00:00\",\"dateModified\":\"2023-10-02T23:01:14+00:00\",\"breadcrumb\":{\"@id\":\"https:\\\/\\\/roliacus-banda.ovh\\\/index.php\\\/presentation\\\/lecd\\\/#breadcrumb\"},\"inLanguage\":\"fr-FR\",\"potentialAction\":[{\"@type\":\"ReadAction\",\"target\":[\"https:\\\/\\\/roliacus-banda.ovh\\\/index.php\\\/presentation\\\/lecd\\\/\"]}]},{\"@type\":\"ImageObject\",\"inLanguage\":\"fr-FR\",\"@id\":\"https:\\\/\\\/roliacus-banda.ovh\\\/index.php\\\/presentation\\\/lecd\\\/#primaryimage\",\"url\":\"https:\\\/\\\/roliacus-banda.ovh\\\/wp-content\\\/uploads\\\/2023\\\/10\\\/Screenshot_20231003_005814_Chrome.png\",\"contentUrl\":\"https:\\\/\\\/roliacus-banda.ovh\\\/wp-content\\\/uploads\\\/2023\\\/10\\\/Screenshot_20231003_005814_Chrome.png\",\"width\":722,\"height\":718},{\"@type\":\"BreadcrumbList\",\"@id\":\"https:\\\/\\\/roliacus-banda.ovh\\\/index.php\\\/presentation\\\/lecd\\\/#breadcrumb\",\"itemListElement\":[{\"@type\":\"ListItem\",\"position\":1,\"name\":\"Accueil\",\"item\":\"https:\\\/\\\/roliacus-banda.ovh\\\/\"},{\"@type\":\"ListItem\",\"position\":2,\"name\":\"Pr\u00e9sentation\",\"item\":\"https:\\\/\\\/roliacus-banda.ovh\\\/index.php\\\/presentation\\\/\"},{\"@type\":\"ListItem\",\"position\":3,\"name\":\"Le CD\"}]},{\"@type\":\"WebSite\",\"@id\":\"https:\\\/\\\/roliacus-banda.ovh\\\/#website\",\"url\":\"https:\\\/\\\/roliacus-banda.ovh\\\/\",\"name\":\"Roliacus Banda\",\"description\":\"\",\"publisher\":{\"@id\":\"https:\\\/\\\/roliacus-banda.ovh\\\/#organization\"},\"potentialAction\":[{\"@type\":\"SearchAction\",\"target\":{\"@type\":\"EntryPoint\",\"urlTemplate\":\"https:\\\/\\\/roliacus-banda.ovh\\\/?s={search_term_string}\"},\"query-input\":{\"@type\":\"PropertyValueSpecification\",\"valueRequired\":true,\"valueName\":\"search_term_string\"}}],\"inLanguage\":\"fr-FR\"},{\"@type\":\"Organization\",\"@id\":\"https:\\\/\\\/roliacus-banda.ovh\\\/#organization\",\"name\":\"Roliacus Banda\",\"url\":\"https:\\\/\\\/roliacus-banda.ovh\\\/\",\"logo\":{\"@type\":\"ImageObject\",\"inLanguage\":\"fr-FR\",\"@id\":\"https:\\\/\\\/roliacus-banda.ovh\\\/#\\\/schema\\\/logo\\\/image\\\/\",\"url\":\"https:\\\/\\\/roliacus-banda.ovh\\\/wp-content\\\/uploads\\\/2023\\\/03\\\/Capture-decran-du-2023-03-07-09-41-29.png\",\"contentUrl\":\"https:\\\/\\\/roliacus-banda.ovh\\\/wp-content\\\/uploads\\\/2023\\\/03\\\/Capture-decran-du-2023-03-07-09-41-29.png\",\"width\":209,\"height\":254,\"caption\":\"Roliacus Banda\"},\"image\":{\"@id\":\"https:\\\/\\\/roliacus-banda.ovh\\\/#\\\/schema\\\/logo\\\/image\\\/\"},\"sameAs\":[\"https:\\\/\\\/www.facebook.com\\\/profile.php?id=100066664776418\"]}]}<\/script>\n<!-- \/ Yoast SEO plugin. -->","yoast_head_json":{"title":"Le CD - Roliacus Banda","robots":{"index":"index","follow":"follow","max-snippet":"max-snippet:-1","max-image-preview":"max-image-preview:large","max-video-preview":"max-video-preview:-1"},"canonical":"https:\/\/roliacus-banda.ovh\/index.php\/presentation\/lecd\/","og_locale":"fr_FR","og_type":"article","og_title":"Le CD - Roliacus Banda","og_description":"La Roliacus Banda \u00e0 \u00e9galement enregistr\u00e9 un CD : Rolia-Kid Valse L&rsquo;encantada","og_url":"https:\/\/roliacus-banda.ovh\/index.php\/presentation\/lecd\/","og_site_name":"Roliacus Banda","article_publisher":"https:\/\/www.facebook.com\/profile.php?id=100066664776418","article_modified_time":"2023-10-02T23:01:14+00:00","og_image":[{"url":"https:\/\/roliacus-banda.ovh\/wp-content\/uploads\/2023\/10\/Screenshot_20231003_005814_Chrome.png","type":"","width":"","height":""}],"twitter_card":"summary_large_image","twitter_misc":{"Dur\u00e9e de lecture estim\u00e9e":"1 minute"},"schema":{"@context":"https:\/\/schema.org","@graph":[{"@type":"WebPage","@id":"https:\/\/roliacus-banda.ovh\/index.php\/presentation\/lecd\/","url":"https:\/\/roliacus-banda.ovh\/index.php\/presentation\/lecd\/","name":"Le CD - Roliacus Banda","isPartOf":{"@id":"https:\/\/roliacus-banda.ovh\/#website"},"primaryImageOfPage":{"@id":"https:\/\/roliacus-banda.ovh\/index.php\/presentation\/lecd\/#primaryimage"},"image":{"@id":"https:\/\/roliacus-banda.ovh\/index.php\/presentation\/lecd\/#primaryimage"},"thumbnailUrl":"https:\/\/roliacus-banda.ovh\/wp-content\/uploads\/2023\/10\/Screenshot_20231003_005814_Chrome.png","datePublished":"2019-11-30T02:45:53+00:00","dateModified":"2023-10-02T23:01:14+00:00","breadcrumb":{"@id":"https:\/\/roliacus-banda.ovh\/index.php\/presentation\/lecd\/#breadcrumb"},"inLanguage":"fr-FR","potentialAction":[{"@type":"ReadAction","target":["https:\/\/roliacus-banda.ovh\/index.php\/presentation\/lecd\/"]}]},{"@type":"ImageObject","inLanguage":"fr-FR","@id":"https:\/\/roliacus-banda.ovh\/index.php\/presentation\/lecd\/#primaryimage","url":"https:\/\/roliacus-banda.ovh\/wp-content\/uploads\/2023\/10\/Screenshot_20231003_005814_Chrome.png","contentUrl":"https:\/\/roliacus-banda.ovh\/wp-content\/uploads\/2023\/10\/Screenshot_20231003_005814_Chrome.png","width":722,"height":718},{"@type":"BreadcrumbList","@id":"https:\/\/roliacus-banda.ovh\/index.php\/presentation\/lecd\/#breadcrumb","itemListElement":[{"@type":"ListItem","position":1,"name":"Accueil","item":"https:\/\/roliacus-banda.ovh\/"},{"@type":"ListItem","position":2,"name":"Pr\u00e9sentation","item":"https:\/\/roliacus-banda.ovh\/index.php\/presentation\/"},{"@type":"ListItem","position":3,"name":"Le CD"}]},{"@type":"WebSite","@id":"https:\/\/roliacus-banda.ovh\/#website","url":"https:\/\/roliacus-banda.ovh\/","name":"Roliacus Banda","description":"","publisher":{"@id":"https:\/\/roliacus-banda.ovh\/#organization"},"potentialAction":[{"@type":"SearchAction","target":{"@type":"EntryPoint","urlTemplate":"https:\/\/roliacus-banda.ovh\/?s={search_term_string}"},"query-input":{"@type":"PropertyValueSpecification","valueRequired":true,"valueName":"search_term_string"}}],"inLanguage":"fr-FR"},{"@type":"Organization","@id":"https:\/\/roliacus-banda.ovh\/#organization","name":"Roliacus Banda","url":"https:\/\/roliacus-banda.ovh\/","logo":{"@type":"ImageObject","inLanguage":"fr-FR","@id":"https:\/\/roliacus-banda.ovh\/#\/schema\/logo\/image\/","url":"https:\/\/roliacus-banda.ovh\/wp-content\/uploads\/2023\/03\/Capture-decran-du-2023-03-07-09-41-29.png","contentUrl":"https:\/\/roliacus-banda.ovh\/wp-content\/uploads\/2023\/03\/Capture-decran-du-2023-03-07-09-41-29.png","width":209,"height":254,"caption":"Roliacus Banda"},"image":{"@id":"https:\/\/roliacus-banda.ovh\/#\/schema\/logo\/image\/"},"sameAs":["https:\/\/www.facebook.com\/profile.php?id=100066664776418"]}]}},"_links":{"self":[{"href":"https:\/\/roliacus-banda.ovh\/index.php\/wp-json\/wp\/v2\/pages\/1086","targetHints":{"allow":["GET"]}}],"collection":[{"href":"https:\/\/roliacus-banda.ovh\/index.php\/wp-json\/wp\/v2\/pages"}],"about":[{"href":"https:\/\/roliacus-banda.ovh\/index.php\/wp-json\/wp\/v2\/types\/page"}],"author":[{"embeddable":true,"href":"https:\/\/roliacus-banda.ovh\/index.php\/wp-json\/wp\/v2\/users\/1"}],"replies":[{"embeddable":true,"href":"https:\/\/roliacus-banda.ovh\/index.php\/wp-json\/wp\/v2\/comments?post=1086"}],"version-history":[{"count":25,"href":"https:\/\/roliacus-banda.ovh\/index.php\/wp-json\/wp\/v2\/pages\/1086\/revisions"}],"predecessor-version":[{"id":2062,"href":"https:\/\/roliacus-banda.ovh\/index.php\/wp-json\/wp\/v2\/pages\/1086\/revisions\/2062"}],"up":[{"embeddable":true,"href":"https:\/\/roliacus-banda.ovh\/index.php\/wp-json\/wp\/v2\/pages\/35"}],"wp:attachment":[{"href":"https:\/\/roliacus-banda.ovh\/index.php\/wp-json\/wp\/v2\/media?parent=1086"}],"curies":[{"name":"wp","href":"https:\/\/api.w.org\/{rel}","templated":true}]}}